multiple of 4?
False
Let y = 14 - 14. Suppose 2*j - 26 = 4*m, 4*j + y*m = -2*m + 52. Is j a multiple of 13?
True
Let m = -19 - -148. Is 33 a factor of m?
False
Let m(t) = t**2. Let g(i) = 2*i**2 - 7*i + 7. Let p(q) = -g(q) + m(q). Let z be p(5). Is 4 a factor of (1 - 1 - -1) + z?
True
Let f(b) = -b. Let h be f(0). Suppose -4*a + h*a + 12 = 0. Suppose y + 34 = a*k, 2*k + 36 = 4*k - 4*y. Is 5 a factor of k?
True
Let p(u) = -u**3 - 5*u**2 + 10*u - 1. Is 9 a factor of p(-7)?
True
Is 2 a factor of ((-32)/56)/(1/(-14))?
True
Let p = 2 - 1. Does 13 divide 1 + p + 11 + 1?
False
Suppose 0 = -4*w + 5 - 1. Let s = -18 - -11. Let a = w - s. Is 5 a factor of a?
False
Let b(l) = -68*l + 2. Is 10 a factor of b(-1)?
True
Let o(g) = -g**2 - 6*g + 5. Let v be o(-6). Let u be (v/(-2))/(2/(-4)). Suppose -y + u*r = r - 20, 5*y - 5*r - 115 = 0. Is 13 a factor of y?
False
Let r(l) = -2*l**3 - 2*l**2 + 11. Does 27 divide r(-4)?
False
Suppose 96 = 2*r + 4*r. Is 4 a factor of r?
True
Let c(j) = -4*j**3 + 5*j**3 + 17 - j - 4*j**3 + 4*j**3. Is c(0) a multiple of 7?
False
Suppose 0 = 3*l - l + 6. Let z = 15 + l. Is z a multiple of 6?
True
Let d(s) = s**2 - 8. Is 14 a factor of d(8)?
True
Suppose y = -0*y. Suppose -2*h - 12 + 68 = 0. Suppose 2*o - 32 - h = y. Is o a multiple of 13?
False
Suppose 8 = h + 3*h. Suppose -5*u + h*x + 84 - 20 = 0, 4*u - 50 = x. Is 6 a factor of u?
True
Let f = 4 - -15. Suppose -3*r + 38 = -f. Is 19 a factor of r?
True
Suppose 41 - 701 = -10*p. Is 9 a factor of p?
False
Suppose 0 = -4*d + 2*c + 202, 7*d - 4*c = 4*d + 149. Is 17 a factor of d?
True
Suppose 3*q - 6 = -0*q, q + 3 = -5*p. Let o be (-1 + 2 + p)/2. Suppose -6*i + i - 2*j + 55 = o, 4*j = -i + 29. Is i a multiple of 6?
False
Let g(b) be the first derivative of b**4/4 - b**2/2 + 30*b + 4. Let z be 2/3 + 2/(-3). Does 15 divide g(z)?
True
Suppose 0 = -0*q - 2*q, -d - 3*q + 2 = 0. Let t = d - 5. Is ((-5)/(-2))/(t/(-6)) a multiple of 2?
False
Suppose 0 = -5*h - 0*h + 995. Is h a multiple of 33?
False
Let o be (-1*4)/(5/(-10)). Suppose -10 = -x - s, -o + 28 = 4*s. Is x a multiple of 3?
False
Suppose -5*l - i = -258, 0 = -0*l - 2*l - 2*i + 100. Is l a multiple of 26?
True
Suppose -5*g - 5*m = 17 + 43, 4*g = -3*m - 44. Let j be g/(-2 + 0 + 0). Is j/((-2)/(-8)*2) a multiple of 6?
False
Suppose f = -3*f + 60. Let d = -3 + f. Is d a multiple of 12?
True
Is 12 a factor of ((-4)/12)/(1/(-93))?
False
Is 116/3 - (-4 - (-8)/3) a multiple of 8?
True
Suppose 2*b - 125 = 7*b. Let m = 1 - b. Suppose 0 = w - m. Is w a multiple of 9?
False
Let j = 7 + -3. Suppose 136 = j*q - 0*q. Is q a multiple of 13?
False
Let h = 83 - 73. Is h even?
True
Let f(c) = c**2 - 6*c - 12. Let j be f(-10). Suppose 0*b - 2*b + 4*h + j = 0, 0 = 3*b + 2*h - 182. Does 14 divide b?
False
Let d(h) = -4*h**3 - 2*h**2 + h. Let r(w) = -11*w**3 - 5*w**2 + 3*w. Let z(p) = -8*d(p) + 3*r(p). Does 14 divide z(-3)?
False
Let g(c) = 3*c**2 + 5. Let r(f) = -f + 1. Let j(y) = g(y) - 3*r(y). Let a(i) = -2*i**2 + 3*i - 2. Let m be a(2). Does 15 divide j(m)?
False
Let n be (-12)/(-3 - (-28)/12). Is (-3)/n - 1012/(-24) a multiple of 16?
False
Suppose -3*b - 30 = 2*b. Let y(f) = f**2 + 5*f - 1. Let c be y(b). Suppose -2*m = -4*r - 4*m + 10, 0 = -5*m - c. Is 3 a factor of r?
True
Let s = 130 + -78. Does 17 divide s?
False
Let q(p) = -p**3 + 2*p**2 + 5*p - 3. Let h be q(3). Suppose -2*f - 7 = -2*z - f, 0 = h*z - 2*f - 9. Is z a multiple of 5?
True
Let g = -1 + -3. Let h = -7 - g. Is 5 a factor of (h - -1*4) + 7?
False
Let w be (6 + -2 + 2)/2. Suppose -w*l + 5 = -10. Is 2 a factor of l?
False
Suppose 4*m + 2*a = -3*a + 329, -4*m + a + 347 = 0. Does 9 divide m?
False
Suppose 4*m + v + 38 = 0, -m + 0*m - 4*v = 17. Does 4 divide (-30)/m*(-24)/(-10)?
True
Let u(x) = -x - 7. Let n be u(-9). Suppose 0 = -5*v + 2*g + 175, -n*v = 3*v + 5*g - 140. Does 11 divide v?
True
Let w = -9 - -15. Suppose -2*a + w*f - 3*f + 40 = 0, 4*f + 2 = -a. Is a a multiple of 6?
False
Let z(g) = 5*g**2 - 2*g - 1. Is z(3) a multiple of 19?
True
Let j(w) = 13*w - 7. Is j(5) a multiple of 10?
False
Let y(r) = -3*r - 1 + 1. Let c be y(-4). Let t = c - 3. Is t a multiple of 4?
False
Let g be 0/(-1)*(-2 - -3). Suppose 3*d - 7*d = g. Suppose 4*n = -d*n + 96. Is 12 a factor of n?
True
Let f(w) = 11*w**3 + w**2 - 3*w + 19. Let s(a) = -5*a**3 + a - 9. Let y(i) = 6*f(i) + 13*s(i). Let p be y(-6). Let x = p + -16. Does 11 divide x?
True
Let t = -1 + -4. Let y = -3 - t. Suppose -12 = c - y*c. Is c a multiple of 12?
True
Suppose 580 = 2*d + 2*i, -d - 5*i + 354 = 44. Does 39 divide d?
False
Suppose -68 = -4*w - 3*i, 2*w - 3*w - 2*i + 22 = 0. Is (w/(-6))/(7/(-21)) a multiple of 7?
True
Let o be 6/(-27) - 976/(-18). Suppose 0 = 2*m + 4*y - o, -m - 3*y + 6*y = -7. Is m a multiple of 11?
False
Let t be -9 - (0 + -1 + 0). Let d(w) = -4*w - 9. Is 11 a factor of d(t)?
False
Let r(f) = 2*f**3 + 37*f**2 + 22*f - 5. Let y(d) = d**3 + 19*d**2 + 11*d - 2. Let u(v) = 3*r(v) - 5*y(v). Is u(-15) a multiple of 13?
False
Let z = -32 + 118. Is z a multiple of 18?
False
Suppose -32 = -5*a + 133. Is 11 a factor of a?
True
Let v = -11 - -2. Does 21 divide 8/(-36) - 362/v?
False
Let a be (-12)/(-10)*260/6. Let z = -36 + a. Is 11 a factor of z?
False
Suppose k - 1 = 0, 5*f - 3*f = -4*k + 66. Does 7 divide f?
False
Let d(h) = -h**2 - 11*h + 12. Let z be d(-12). Suppose -3*q + 30 = -z*q + 3*j, q = j + 14. Is 6 a factor of q?
True
Let n = 4 - -139. Is 32 a factor of n?
False
Let r(j) be the third derivative of -j**5/60 - j**4/3 - 5*j**3/6 + 31*j**2. Let n = -2 + -3. Does 10 divide r(n)?
True
Let z be -3*(-7)/((-42)/(-20)). Is 6/(-15) + 424/z a multiple of 14?
True
Suppose 0*b + 60 = 3*b. Suppose -5*q = c - b - 7, 0 = -4*c + 8. Does 2 divide q?
False
Suppose s - 5*p = -15, -s = 2*s + 5*p - 15. Suppose -2*y + 4 = m, -3*y + s = 4*m + 4. Suppose -2 + 34 = y*g. Is 6 a factor of g?
False
Let j = -4 - -10. Let f be ((-5)/15)/((-2)/j). Suppose 0 = 5*q - 31 + f. Does 6 divide q?
True
Suppose 143 + 73 = 4*w. Suppose -w = i - 4*i. Is 4 a factor of i?
False
Does 16 divide 8/4 - (-46 + 0)?
True
Suppose 0 = -2*z - 10, 3*z + 3 = -3*v - 3. Suppose 0 = -4*n + v*n. Suppose -4*w - 5*m + 168 = 0, 5*w - 5*m + m - 169 = n. Is w a multiple of 14?
False
Suppose 5*q - 4*u - 206 = -u, -u = -3*q + 122. Suppose -2*c + 221 = 5*s, 0*s + c + q = s. Is 15 a factor of s?
False
Suppose b + 2*v = 134, 0 = -4*b - 5*v + 6*v + 518. Does 10 divide b?
True
Let l(j) = j**2 + 67. Let d be l(0). Let n = -10 + d. Suppose -5*t + 10*t + 45 = 5*f, n = 5*f - t. Does 12 divide f?
True
Does 33 divide (-1 - 2) + (306 - 5) - -3?
False
Let r(o) = -6*o + 12. Let j(s) = 11*s - 23. Let m(f) = -4*j(f) - 7*r(f). Let b be m(-6). Suppose -3*q + b = q. Does 2 divide q?
False
Suppose 0*l - 2 = -l. Suppose 0 = -5*d - l*h + 160, 3*d - d - 85 = -5*h. Does 14 divide d?
False
Let u be 9/5 + (-1)/(-5). Suppose 5*n - 5*y = 90, -3*n + u*y + 75 = 2*n. Is 7 a factor of n?
False
Let h = -102 + 236. Suppose 3*q = -2*t + h, -2*q = -0*q - 3*t - 72. Is q a multiple of 21?
True
Let b = -27 + 43. Is 16 a factor of b?
True
Let a = -14 + 6. Let k = 11 + a. Does 3 divide k?
True
Let b(u) = u + 2. Let f be b(-2). Let k be (-1 - -1 - -1)*f. Is 17 a factor of 32/(1 + k) - -2?
True
Let b be (-42)/(-2) - 0/(-3). Let p = b - 15. Is p a multiple of 6?
True
Suppose f + m + 15 = 0, -5*f + m - 30 = -3*m. Let q(z) = -z + 2. Does 12 divide q(f)?
True
Let x = -13 - -5. Does 15 divide x*(-4 + 3 - 1)?
False
Suppose 0*t + 3*s - 6 = t, 0 = -5*s + 15. Suppose t*k + 2*z - 4 = 52, 3*k - 3*z = 36. Is k a multiple of 6?
False
Let l(s) = s**3 + 5*s**2 + 5*s + 3. Suppose -4 + 19 = -5*c + 3*r, -2*r + 12 = -4*c. Does 6 divide l(c)?
True
Let j(i) = i**3 + 4*i**2 - 6*i - 1. Let a be j(-5). Suppose 3*d - a*z = -0*d + 1522, 1516 = 3*d + 2*z. Does 17 divide 4/10 - d/(-10)?
True
Let u = 14 + -1. Does 13 divide u?
True
Let o = -16 + 16. Is 0 + o/1 + 6 a multiple of 3?
True
Let o = 3 + 1. Let q(x) = x**2 + 2*x - 3. Is 7 a factor of q(o)?
True
Let l be (4 - (5 + -2)) + 1. Suppose 3*o = l*o + 45. Does 19 divide o?
False
Let j = -31 + 20. Does 10 divide (-2 + 31)/(-10 - j)?
False
Let m = 6 - -1. Let i(g) = -g**2 - g - 6. Let z be i(0). Let r = m - z. Is 13 a factor of r?
True
Suppose 0 = 4*c - 2*p - 26, 6 = -2*p - 4. Suppose 0 = -5*g + c*